 = p. List the prime factors of v.
5
Suppose 0 = 4*r - 8 - 92. What are the prime factors of r?
5
Let s = 550 + -364. List the prime factors of s.
2, 3, 31
Let u(b) = 5*b - 7. List the prime factors of u(8).
3, 11
Let i(r) = r + 10. Suppose o - 5*o - 28 = 0. Let d be i(o). Suppose -4*q + 3*z = -1 - 11, 2*q - d*z = 6. List the prime factors of q.
3
Let n(z) = z**2 + 14*z + 6. Let j be n(-12). Let i = 25 - j. Let y = -26 + i. List the prime factors of y.
17
Let j be 5 + -1 + 20/(-10). What are the prime factors of (6/9)/(j/15)?
5
Suppose 2*i - 289 = i + 3*o, -2*o + 8 = 0. What are the prime factors of i?
7, 43
Suppose -3*w + 309 = -4*v, 2*v - 4*v = -5*w + 515. List the prime factors of w.
103
Suppose 0 = -5*a - 16 - 44. What are the prime factors of (-4)/(-6)*(-270)/a?
3, 5
Suppose -22 - 108 = -5*l. List the prime factors of l.
2, 13
Let f(d) = -d - 7. Let l be f(-4). Let b be (0 + -1 + 0)*l. Suppose b*g - 24 = -g. List the prime factors of g.
2, 3
Let q = -16 - -10. Let c(j) = -j**2 - 7*j - 2. What are the prime factors of c(q)?
2
Let i be ((-2 - -2)/4)/(-1). What are the prime factors of -5*((0 - i) + -3)?
3, 5
Suppose 3*q - 17 - 19 = 0. What are the prime factors of q?
2, 3
Suppose 0 = -2*q + 3*q. Suppose -2*u + u = q. What are the prime factors of (2 - u)/(2/7)?
7
Let p be 1 - (39/3 + -2). Let d = p + 18. What are the prime factors of d?
2
Let g = -88 + 134. What are the prime factors of g?
2, 23
Let b = 97 + 55. Suppose 4*h - 154 = -3*c, -b = -2*h - 2*h - 2*c. List the prime factors of h.
37
Let k(z) = 14*z**2 + 2*z. Let j be k(-2). Let b = -26 + j. What are the prime factors of b?
2, 13
Let g = -32 - -16. Let f = g + 36. What are the prime factors of f?
2, 5
Suppose -3*f - 2*f + 90 = 0. Suppose 5*v = 12 + f. List the prime factors of (-14)/(-6) - 2/v.
2
Let t be (-1 - 1)/(4/(-6)). Suppose -300 = -t*s - 2*s. What are the prime factors of s?
2, 3, 5
Let w(t) be the third derivative of 5*t**4/8 - t**3/6 - t**2. List the prime factors of w(1).
2, 7
Suppose -4 = -3*h + 2*y, 3*h - 2*y - y - 3 = 0. List the prime factors of h.
2
Let g = 15 + -11. Suppose l = -l - g. Let z = l + 11. List the prime factors of z.
3
Suppose 4*r = 6 + 6. Let i(p) = 3*p + 1. List the prime factors of i(r).
2, 5
Let a(l) be the first derivative of -l**3/3 - 5*l**2 - 8*l + 3. Suppose -9 = f - 1. What are the prime factors of a(f)?
2
Let a be 1/(3*1/3). What are the prime factors of a*(0 + 1)*2?
2
Let a = -66 + 126. What are the prime factors of a?
2, 3, 5
Let o(c) = 20*c - 4. What are the prime factors of o(2)?
2, 3
Let k(o) = -o**3 - 4*o**2 + 3. Let m be k(-4). Suppose -3*f + f = m*i - 37, 0 = -i - 2*f + 19. What are the prime factors of i?
3
Suppose 0*k + 56 = 2*k. List the prime factors of k.
2, 7
Let a(y) be the third derivative of -y**6/120 - y**5/12 - 7*y**4/24 - y**3/3 - y**2. Let h be a(-5). List the prime factors of -1*2/((-6)/h).
11
Let q(h) = -h + 2. Let i be q(-2). Suppose -i*f + 18 = 2. Let r = 10 - f. What are the prime factors of r?
2, 3
Let t = 39 - 26. Let s = t + 0. List the prime factors of s.
13
Let o = -23 - -55. What are the prime factors of o?
2
Suppose 4*a = 26 + 22. Suppose -5*k + 14 = l, -l - 3*l + 2*k = -a. Suppose -l = -2*j + 2. What are the prime factors of j?
3
List the prime factors of 2/2 + 216/4.
5, 11
Let m = -1 + -2. Let s be (0 + -1)/(1/m). Suppose -s = -2*g + g. List the prime factors of g.
3
Suppose -2*s + 4*x - 10 = 0, 2*s - 5*x = -2*s - 11. Let o be (-5)/2*(-2)/s. What are the prime factors of -6*o/4*-2?
3, 5
Let h = -1 + 34. Let w(d) = 2*d**3 + 2*d - 3. Let s be w(2). Let u = h - s. List the prime factors of u.
2
Let o = 11 - -9. Suppose 0*l + l = 10. Let u = o - l. List the prime factors of u.
2, 5
Suppose 5*p = -4*m, -3 = -3*p - 6*m + 3*m. Let s = -1 - p. List the prime factors of (1/s)/(1/33).
11
Let y be -1*(1 + (-3 - -1)). Suppose -y = 3*k - 55. What are the prime factors of k?
2, 3
Let o(b) = -2*b**3 + b**2. Let t = -3 + 2. What are the prime factors of o(t)?
3
Let l(u) = -u**2 + 5*u + 8. Let k be l(6). Suppose -k*q + 6 = q. Suppose 3*d - 29 = -2*i, -q*d - i + 34 = 4*i. What are the prime factors of d?
7
Let x be 5/((-10)/(-6)) - -2. Suppose 5*r + x*c - 25 = 0, 5*r - 60 = -0*c + 2*c. What are the prime factors of r?
2, 5
Let n(f) = -f**3 - 3*f**2 + 2. Let q = 7 - 13. Let s = q + 2. What are the prime factors of n(s)?
2, 3
Let l be 1/3 - 40/(-6). Suppose o + l = 1. What are the prime factors of (o/(-5))/((-1)/(-5))?
2, 3
Suppose 2*i + 5*m = 215, 4*i + 7*m - 3*m - 412 = 0. What are the prime factors of i?
2, 5
Let z be -2 - (-5 - -2 - 4). Suppose -3*a + 39 = v, 2*a + a + z*v - 27 = 0. List the prime factors of a.
2, 7
Let u be (-2 - (24 - 1))/(-1). Suppose v - 21 = 3*f, 5*v + 2*f - u = -3*f. List the prime factors of v.
3
Let b = 29 + -26. Suppose -29 = -r - b. List the prime factors of r.
2, 13
Let d = -39 - 132. Let z = 73 + d. What are the prime factors of (-16)/(-40) + z/(-5)?
2, 5
Suppose 141 + 14 = 5*p. Suppose 5*o - 4*o = p. What are the prime factors of o?
31
Let h(l) = -48*l**3 - l. Let n be h(-1). Suppose 3*o - n = 11. What are the prime factors of (1/(-2))/((-1)/o)?
2, 5
Let f(m) = 24*m**3 + 5*m**2 + 3*m - 2. Let d(g) = -12*g**3 - 3*g**2 - 2*g + 1. Let i(k) = -5*d(k) - 3*f(k). List the prime factors of i(-1).
2, 3
Let a(r) = -r**3 + 4*r**2 - r + 5. What are the prime factors of a(3)?
11
List the prime factors of (-1 - -11)/((-120)/(-54) - 2).
3, 5
What are the prime factors of (-22)/6*(-3 - 0)?
11
Suppose 2*d + 110 = 7*d - 5*k, -3*k + 59 = 2*d. List the prime factors of d.
5
Suppose 2*k + 190 = 4*j, -j - 5*k = -4*k - 40. Let f be ((-12)/(-8))/(1/2). Suppose j = 2*m + f*m. List the prime factors of m.
3
Let s be 1/1*10/2. Suppose 0 = s*g - 6*g - 3. List the prime factors of (-6)/g + 9/1.
11
Let i = -4 - -6. Suppose -i*v = -3*x + 8, v = -0*v + 3*x - 10. What are the prime factors of 5/v*36/15?
2, 3
Suppose -r = -6*r + 75. What are the prime factors of r?
3, 5
Suppose 0 = b + b - 4. Suppose -3*m - b*v + 40 + 70 = 0, 0 = 4*m - v - 165. What are the prime factors of m?
2, 5
Suppose 76 = -3*c + 7*c. Let i = c + 9. List the prime factors of i.
2, 7
Suppose 2*z + 66 = 4*z. Let j(w) = w**2 - 2*w. Let q(o) = 5*o**2 - 11*o. Let x(m) = z*j(m) - 6*q(m). List the prime factors of x(-2).
2, 3
Let n = 50 - 20. Let y = -17 + n. What are the prime factors of y?
13
What are the prime factors of 633/9 - 5/(-3)?
2, 3
List the prime factors of 3/(-4) + (-542)/(-32)*4.
67
Let a(j) be the second derivative of j**4/12 - j**3/6 + 5*j**2/2 - j. Suppose -2*t = -5*t. What are the prime factors of a(t)?
5
Let z(y) = -y**2 - 10*y + 6. Let a be z(-9). What are the prime factors of 3/a + (-19)/(-5)?
2
Let l(c) = -c**3 + 7*c**2 + 10*c - 12. Let q be l(8). Suppose q*u + 5*d = -u - 5, -u + 9 = 3*d. List the prime factors of (-82)/u - 4/6.
13
List the prime factors of (-4 - 0) + (1 - 2 - -15).
2, 5
Let z = 4 + -5. Let i be 33 - (0/z - 2). Suppose 5*c - 15 = i. What are the prime factors of c?
2, 5
Suppose -2*x = 3*d - 34 + 10, 3*d - 2*x - 36 = 0. Let c = -1 + d. List the prime factors of c.
3
Let v be (-4)/(-4) - 0 - 77. Let f = -31 - v. What are the prime factors of f?
3, 5
Let p(q) = 2*q**2 - 3*q - 1. Let c be p(3). Suppose -c = -l - 2. List the prime factors of l.
2, 3
Suppose 0 = -2*h - 6*z + 2*z - 6, -h - z = -1. Suppose h*i - 6 - 9 = 0. Suppose 0*l + i*l = -2*j + 49, -4*l + 77 = 5*j. List the prime factors of l.
13
Suppose -20 = 20*b - 15*b. Let x(d) = d - 1. Let u(i) = i. Let v(q) = -3*u(q) + 2*x(q). What are the prime factors of v(b)?
2
List the prime factors of ((-62)/4)/(2/(-4)).
31
Suppose -4*j + 2*l + 159 = 7*l, -2*j + 2*l + 66 = 0. Let f = j + -2. List the prime factors of f.
2, 17
Suppose 84 = 3*v + 2*g, -g + 56 = 2*v + 2*g. Suppose -3*h = h - v. List the prime factors of h.
7
Let m = -36 - -62. Let o(j) = -j**3 + 2*j**2 + 5*j - 5. Let g be o(4). Let n = g + m. List the prime factors of n.
3
Let v = 2 + 29. What are the prime factors of v?
31
Suppose -c - 5*q = 17, 4*c + 4*q + 20 = 8*q. Let l(f) = 73 + 2*f - 3*f - 76. List the prime factors of l(c).
2
Let y = -85 - -155. List the prime factors of y.
2, 5, 7
Let q be (-106)/(-5) - (-2)/(-10). Let s = q - 14. List the prime factors of s.
7
Let r(b) be the third derivative of -b**6/120 